t v be a(5). Suppose -2*b + v = 3*m, 12*b + 5*m = 13*b - 513. What is the hundreds digit of b?
5
Let s(q) = q**2 - 9*q - 23. Let z be s(11). Let r(f) = 495*f**2 + 2*f + 1. Let d be r(z). What is the units digit of (18 + -20)*d/(-4)?
7
Let t = -5708 + 26329. What is the units digit of t?
1
Suppose 5*r + 2*c - 7 = -c, -c - 7 = -3*r. Suppose -r*g - 56 = -10*g. Suppose g*k - 840 = k. What is the units digit of k?
0
Let w = -4388 - -11840. What is the hundreds digit of w?
4
What is the ten thousands digit of 16/((-1104)/(-1187099)) + (0 - (-3)/(-9))?
1
Let o = 2074 - -1458. What is the units digit of o?
2
Suppose -2*g + 5*j + 12611 + 27020 = 0, -g = -j - 19811. What is the hundreds digit of g?
8
Suppose -9*c = -133 - 38. Suppose 0 = -c*q + 20*q - 155. Suppose -3*y - q = -425. What is the tens digit of y?
9
Let a(o) = 31 + 18*o**2 + 33*o - 14*o**2 - 30*o + 27*o**2. What is the tens digit of a(-4)?
1
Let z = 248 + -451. What is the hundreds digit of (-30)/(-6) + -3 - (z - -2)?
2
Let w(f) = 27*f**2 - 461*f + 12. What is the thousands digit of w(30)?
0
Let f = -617 - -772. What is the units digit of (-3*f)/(123/(-164))?
0
Suppose 0 = -111*u + 109*u + 1056. Suppose -o = -5*o + u. What is the tens digit of o?
3
Let g = 51 + 93. Suppose -18*u + g = -6*u. Suppose -4*c - 22 - u = -5*n, -3*n = 4*c - 46. What is the tens digit of n?
1
Suppose 56 = 13*g + g. Suppose 0 = -3*v + g*d + 353 + 568, -307 = -v + 4*d. What is the hundreds digit of v?
3
Let j(q) be the second derivative of 37*q**3/3 - 2*q**2 + 67*q + 1. Suppose -2*g - 3*a = 10, 0*a = g + a + 3. What is the tens digit of j(g)?
7
Let t = 492 + -489. Suppose 2308 = t*p - 272. What is the units digit of p?
0
Let m be 4 - (-1 + 2 - 0). Suppose 0 = 4*o - 12, -6*g + 411 = -10*g - m*o. What is the units digit of 24/36*g/(-2) + -1?
4
Let m(r) = 7 + r**3 + 6965*r + 6976*r - 13927*r - 9*r**2. Let t = -11 + 20. What is the units digit of m(t)?
3
Let h(r) = r**3 + 9*r**2 - 9*r + 24. Let w be h(-10). Let x(d) = 2*d - 35 + 5*d - 3*d + 3*d. What is the tens digit of x(w)?
6
Suppose -x + 4*c - 210 = 0, 4*c + 5 = -x - 221. Let p be 20/100 + x/(-10). Let h = 38 - p. What is the tens digit of h?
1
What is the hundreds digit of ((-1230456)/45)/(-4) - 248/(-1860)?
8
Let z(b) = b**2 + 22*b + 813. Let q be z(0). What is the hundreds digit of q + (2/6)/((-20)/(-240))?
8
Let z = 3435 + 137. What is the thousands digit of z?
3
Let l = 21338 + -11302. What is the thousands digit of l?
0
Let m = -186 + 632. Suppose -46*j - 1220 = -22*j - 29*j. Let h = m - j. What is the hundreds digit of h?
2
Suppose -5*p + 11060 = -97535. What is the tens digit of p?
1
Let t be (-4)/(-14) + (-2)/28*4. Suppose 0 = 12*r - 10*r - 5*g - 1235, t = 2*g - 10. What is the hundreds digit of r?
6
What is the units digit of (-15914)/(-2) + 10 + (0 - 99)/11?
8
Suppose 250627 = 4*u + j, u - 30784 - 31869 = -j. What is the tens digit of u?
5
Suppose -4*w + 1606 = -3942. Let v = -805 + w. What is the hundreds digit of v?
5
Let a(i) = 2*i - 2. Suppose -2*b = 2, b = 3*x - 0*x - 7. Let o be a(x). Suppose o*h - 130 = -3*h. What is the tens digit of h?
2
Suppose m - 5 = -2*h + 14, -h = m - 12. Let q be (-3)/5 + 2475/375. What is the units digit of (14 - -112)*q/h?
8
Let a = 36 + -42. Let o(f) = 9*f**2 + 12*f + 30. What is the units digit of o(a)?
2
Let c = 27723 + -12877. What is the tens digit of c?
4
Let j = 22705 + -14461. What is the thousands digit of j?
8
Let j be (-7)/28*-4*-2*1. What is the units digit of (-15)/(202/102 + j)?
5
Let i be ((-52)/(-104))/((-1)/(-26)). Suppose 5*r = -i*r + 198. What is the units digit of r?
1
Suppose -4*z - 20 = z, z + 44168 = 2*j. What is the thousands digit of j?
2
Let v(b) = -873*b + 75. Let p be v(2). Let q = -656 - p. What is the thousands digit of q?
1
Suppose -q + 22 - 11 = -3*b, 0 = -b - 4. Let i(v) = 2*v**2 - 3 - 139*v**3 + 2 + 0*v**2. What is the tens digit of i(q)?
4
Let m = -3450 + 4193. What is the tens digit of m?
4
Suppose -5*k = -5*g - 202 + 67, 0 = 5*k + 4*g - 90. Let m be (k/(-3))/((-2)/21). Suppose -5*v = 2*d - 264, 2*v - m = -d + 57. What is the hundreds digit of d?
1
Let n = 6 + -3. Suppose 3*y = 2*l + 8*y - n, 5*l = -3*y + 17. What is the tens digit of 0 - (-1)/(-2)*l - -88?
8
Let q(k) = 10*k**2 - 34*k - 365. What is the hundreds digit of q(-7)?
3
Suppose -2*z = -q + 17449, -4*q - 2*z + 50857 + 18909 = 0. What is the ten thousands digit of q?
1
Let x(p) = 359*p - 1. Let r be x(2). Suppose -971 = -4*v - i, 11*v + 3*i = 8*v + r. What is the units digit of v?
4
Let u(r) = -119*r + 207. Let q be (-12)/((-1)/(4/(-6))) - -2. What is the tens digit of u(q)?
2
Let o(w) be the first derivative of -35*w**2/2 - 115*w + 46. What is the tens digit of o(-31)?
7
Let p be -4 - 3*21/(-9). Let s(r) = -2*r**2 - 4*r + 4. Let u be s(2). What is the hundreds digit of (0 + 1)/p - 2060/u?
1
Let h be (-5)/(-2) + (-4)/8. Let m(f) be the first derivative of 3*f**4/2 + 2*f**3/3 + f**2 - 19. What is the units digit of m(h)?
0
Let s(f) be the first derivative of -36*f**2 - 7*f - 104. What is the units digit of s(-8)?
9
Let h = -95 - -97. What is the tens digit of ((-1)/h)/(3/(-1662))?
7
Suppose 0 = -22*n + 27*n + 1410. Let d = 611 + n. What is the tens digit of d?
2
Suppose 0 = 395*z - 385*z - 7100. What is the tens digit of z?
1
Let l = -364 - -470. Suppose -112*p + l*p + 2964 = 0. What is the tens digit of p?
9
Suppose 4*q = -5*w + 5, -2*q - 4*w + 4 = -3*q. Suppose 2*m = 5*s - q*m - 1720, 3*m + 1032 = 3*s. What is the hundreds digit of s?
3
Let t(y) = -62*y - 223. Let f be t(-5). Let u(i) = -i**3 + 2*i**2 - 2. Let q be u(-3). Let w = f - q. What is the units digit of w?
4
Suppose 0 = 5*z, 5*v - 10 = -0*v - 2*z. Suppose -192 = -a - 2*o, -v*o + 7 = -5*a + 919. What is the units digit of a?
4
Suppose -114 + 102 = 6*s. What is the units digit of 627/33*(-14)/s?
3
Suppose -g - 2*o + 9 = 0, -4*o = -2*g - 2 - 20. Let v be -2 + 1 + g/(-1). Let s(i) = i + 63. What is the tens digit of s(v)?
6
Let h be 815/(-1)*24/(-60). Suppose -3*m = -15, 4*g + 3*m = m - h. What is the tens digit of 1 - (g + 12/3)?
8
Let u be (25/(-5) - 2)/1. What is the units digit of (-1313 + 4)/u*2?
4
Suppose 357*t + y - 30758 = 352*t, 24560 = 4*t - 5*y. What is the tens digit of t?
5
Let c(w) = -1402*w + 236. Let s be c(-5). Suppose 9*j - 5507 = s. What is the hundreds digit of j?
4
Let g be 6/(-15) + ((-374)/(-10) - 0). Let h = 40 - g. Suppose 117 = h*x + 42. What is the tens digit of x?
2
Let s be 4*53 - ((-4 - -1) + 0). Suppose 4*l + b - 108 = 0, 3*l - 2*l + 5*b = 8. Let f = s + l. What is the units digit of f?
3
Let s = -305 - -837. Suppose -655 = -6*a - 2689. Let q = a + s. What is the hundreds digit of q?
1
Suppose 16*w + 28*w = -76780. Let h = w + 3144. What is the thousands digit of h?
1
Let b = 10 + 20. Let a be b*(-12)/(-20)*45/6. Let i = a - 94. What is the tens digit of i?
4
Suppose 14*g + 30051 = -16*g + 33*g. What is the thousands digit of g?
0
Suppose 3*h - 115839 = -3*z, -17*h = -61 - 58. What is the units digit of z?
6
Let l(q) = 355*q - 4. Let i(g) = -5*g + 41. Let t be i(8). What is the hundreds digit of l(t)?
3
Suppose -10836 = -h + o, -4*h + 151*o = 148*o - 43343. What is the hundreds digit of h?
8
Suppose j = -4*i + 64, 0*j + 3*i - 354 = -5*j. Let v be 20/(2/(-24) - 12/j). What is the tens digit of v/6*(-648)/90?
9
Let g be (-34)/(-204)*(4 - 4). Let x be (-26)/6 - (-2)/(-3). What is the tens digit of g + 124 + 5 + x?
2
Let b be (-1 + 2)*-4 + 139. Suppose -3*w - b = -3*d, -w - 135 = 3*w + 5*d. Let k = -13 - w. What is the tens digit of k?
2
Suppose 0*s - 963 = -9*s. Suppose 101*g = s*g - 4344. What is the hundreds digit of g?
7
Suppose 2*i = -29 + 199. Let z = 89 - i. Suppose f = -5, -3*b - 2*b - z*f = -30. What is the units digit of b?
0
Let j = -134 - -139. Suppose 0 = -k + 3*p + 410, -j*p - 2072 = -5*k - p. What is the hundreds digit of k?
4
Let m(j) = -j**3 - 23*j**2 + 60*j + 7. What is the thousands digit of m(-27)?
1
Let p(n) = n + 5. Let x be p(-11). Let k be 4/x*(-12)/(-8)*-7. Suppose -k*y = -69 - 631. What is the hundreds digit of y?
1
Let l(w) be the first derivative of 15*w**2/2 - 89*w + 2. What is the units digit of l(31)?
6
What is the ten thousands digit of (-12043)/(-4)*(-1376)/(-258)*(-6)/(-8)?
1
Suppose 32*j - 27*j = -2*r + 8220,